2*z**3/3 - 18*z**2. Let c be j(-1). Let d(i) = -i**3 - 3*i**2 - 4*i - 3. Give d(c).
9
Let c = -465 - -467. Let v(l) = -3*l**2 + l + 1. What is v(c)?
-9
Let l(o) be the second derivative of -o**4/12 - 11*o**3/6 + 3*o**2 - 95*o. Give l(-11).
6
Let w(m) = -5*m - 30. Let z be w(13). Let g = z + 95. Let x(s) = s**2 + s - 16. Determine x(g).
-16
Let j be ((-32)/(-12))/((-2)/(-6)). Let d(f) = f**2 - f**2 + j*f + 7 - 2*f**2 + 4*f**2. Give d(-5).
17
Let o be ((-10)/6)/((-45)/54). Let b(w) = 2*w - w**o + 7*w - 3*w - 2. Calculate b(4).
6
Let f(d) be the third derivative of -d**4/24 - 7*d**3/3 - 3*d**2 + d. Give f(-8).
-6
Let o(x) be the third derivative of x**6/120 + x**5/10 + 5*x**4/24 + x**3/6 - 33*x**2. Give o(-6).
-29
Let l(r) = 5*r + 3. Suppose -75 = -q + 5*s - 49, -2*s - 5 = 5*q. Calculate l(q).
8
Suppose 0 = -3*t + 1 + 8. Let u(j) = -4*j**2 - 4*j. Let n(x) = 3*x**2 + 4*x. Let o(k) = 5*n(k) + 4*u(k). Calculate o(t).
3
Let z = 21 + -23. Let q(n) = 4 - 5 - n**2 + n + 5*n**2. Let b(a) = 21*a**2 + 6*a - 6. Let f(x) = z*b(x) + 11*q(x). What is f(2)?
7
Let p(x) = -x**2 - 4 + 39*x - 124*x + 49*x + 45*x. Give p(7).
10
Let g(o) = -o**3 + 2*o + 0*o + 5*o**2 + 2*o**3 - 4. Let p be g(-4). Let m(n) be the first derivative of n**2 + 3*n - 1837. What is m(p)?
11
Let i(s) be the second derivative of s**3/2 - s**2 - 122*s. Determine i(4).
10
Let m(o) be the first derivative of -7/2*o**2 + 2*o + 16 + 1/3*o**3. Give m(4).
-10
Let u(z) = 4*z - 3. Let c(b) = 8*b + 2. Let k(s) = 3*c(s) - 5*u(s). Calculate k(-10).
-19
Let r(b) be the first derivative of b**4/12 - b**3/3 - b**2/2 - 12*b - 19. Let a(p) be the first derivative of r(p). What is a(4)?
7
Let q(u) = u**2 - 11*u + 9. Suppose -4*p = -p + 102. Let i = p + 44. Determine q(i).
-1
Let i(z) = -152 + 78 + 73. Let c(d) = d**2 - 8*d - 8. Let x(n) = -c(n) + 6*i(n). What is x(7)?
9
Let c(r) = -r**2 + 13*r + 24. Let y = -440 + 455. What is c(y)?
-6
Let p(k) = -343*k - 3*k**2 + k**2 + 344*k - 2*k**3 + 1. What is p(1)?
-2
Let i(w) = 10 + 23 - w - 35. Calculate i(-10).
8
Let d(w) = 34 - 2*w - 20 - 6 + 3*w**2 - 11 - 5. What is d(3)?
13
Let k(u) = -31*u**2 + 2 - 5*u + 0 + 52*u**2 - 19*u**2. What is k(3)?
5
Let w(g) = 7*g**3 + 9*g**2 + 12*g + 14. Let x(u) = 3*u**3 + 5*u**2 + 6*u + 7. Let m(j) = -2*w(j) + 5*x(j). Suppose -10*o - 423 = -363. Determine m(o).
7
Let y(s) = -s**3 + 21*s**2 - 12. Suppose -4*u + 2*l + 74 = 0, 24*u - 120 = 19*u - 3*l. Determine y(u).
-12
Let a = 14 - 30. Let n = 29 + -17. Let t = a + n. Let f(r) = -r**2 - 5*r + 3. What is f(t)?
7
Let i(b) = 2*b**2 - 11*b + 9. Suppose 0 = 4*f + r + 15, r = -3*f - 3*r - 8. Let z(x) = 2*x**2 - 10*x + 8. Let p(m) = f*z(m) + 3*i(m). Determine p(4).
-9
Let h(z) = z**3 + 38*z**2 - 49*z - 397. Let j be h(-39). Let l(s) = -s**2 - 9*s - 13. Calculate l(j).
1
Let h be ((-10)/4)/(8/(-16)). Let v(x) = x - 2. Calculate v(h).
3
Let r(g) = g**3 - 9*g**2 - 11*g + 12. Let l be r(10). Let x be l/(99/(-25) + 4). Let m(o) = o - x - 49 + 97. Give m(0).
-2
Let g(y) = -y**3 + 7*y**2 - 5*y - 8. Suppose 8 = -7*z + 9*z. Let o be -27*z/(5 - 1). Let u = o - -33. Give g(u).
-2
Let d(j) be the third derivative of -2*j**6/15 - j**4/24 + j**3/6 - 15*j**2. Let c(x) = x**3 + 9*x**2 - x - 8. Let v be c(-9). What is d(v)?
-16
Suppose 5*c = 2*c + 4*n + 17, n = -5*c - 10. Let u(r) be the first derivative of -r**2 + r + 19. Give u(c).
3
Let h(u) be the third derivative of 7/24*u**4 - 1/30*u**5 + 0 - 5/6*u**3 + 0*u + 5*u**2. Give h(4).
-9
Let x(k) = -8*k**2 - 2*k - 8. Let z(s) = s**3 - 9*s**2 - 12. Let g(w) = 3*x(w) - 2*z(w). Determine g(-3).
18
Let g(y) be the third derivative of -y**6/120 - y**5/15 - y**4/6 - y**3/3 + y**2. Let c = 3728 + -3732. Calculate g(c).
14
Let w(r) = 2*r - 2. Let h = -31 - -34. Suppose q + x = 2*q - 4, -x = h*q - 12. Give w(q).
6
Let n = 35 - 21. Suppose -5*i - 19 = -4*f + 3*f, n = 2*i + 5*f. Let w be 2 + (-2*3 - i). Let r(t) = 2*t**3 + t**2 + t + 1. Calculate r(w).
-1
Let c(f) = -6*f - 11. Let b(g) = -g - 2. Let n(v) = -v + 14. Let p be n(8). Let i(x) = p*c(x) - 34*b(x). What is i(5)?
-8
Let z(g) = 3*g**2 - 2*g + 3. Let k(q) = -4*q**2 + 2*q - 4. Let o(s) = 4*k(s) + 6*z(s). Let n be o(2). Let p(i) = 117 - 3*i - i**n - i - 112. Calculate p(-5).
0
Let h(q) = 26*q + 19*q + 22*q - 13 + 20*q - 84*q. Calculate h(8).
11
Let v be -3*(-6)/((-108)/42). Let w(n) = n**3 + 7*n**2 - 2*n - 1. Determine w(v).
13
Let t = -69 + 67. Let p be (-4 - t)/1*(-9)/6. Let n(q) = q**2 - 6*q. What is n(p)?
-9
Let k(j) be the third derivative of j**4/24 + j**3/3 + 26*j**2. Suppose -a - 2 = 3*s, 14 = 5*a - s + 4*s. What is k(a)?
6
Suppose -3*m + 30 = 3*t, -11*m - 24 = -2*t - 14*m. Let i(f) = f**2 - 4*f - 9. Calculate i(t).
3
Suppose 7 = 4*o - 1. Let n(m) = -5 + 2 - 4*m + 5*m - o. Determine n(4).
-1
Let s = -625 + 623. Let i(z) = -z**3 + z**2 + 2*z + 1. Give i(s).
9
Suppose 0 = c - 528 + 615. Let p = c - -93. Let j(k) be the third derivative of -k**4/24 + k**3/2 + k**2. Calculate j(p).
-3
Let y(b) = -b**2 - b. Let l(t) = -2*t - 2. Let p be l(-7). Let s = 35 - p. Let m = 23 - s. Determine y(m).
0
Let n(u) = -8*u - 1. Let i(y) = y**2 - y - 7. Let c be i(3). Give n(c).
7
Let k(u) = 9*u**2 - 10*u + 4. Let s(q) = -36*q**2 + 43*q - 17. Let c(t) = -9*k(t) - 2*s(t). Calculate c(2).
-30
Let q(f) = -2*f + 3 + 6*f - 4*f + f. Let h = 124 - 132. Calculate q(h).
-5
Suppose -3*z - 4*l = -4*z + 5, 4*l = -2*z + 10. Let p(g) = -2*g + z*g - 2*g + g**2. What is p(0)?
0
Let r(z) = 1. Let s(m) = -2*m - 6. Let c(w) = 2*w**2 + 15*w + 6. Let y be c(-7). Let x(g) = y*s(g) - 2*r(g). Calculate x(-3).
-2
Suppose j - 5*j = -2*t, 3*t = -5*j + 11. Let b be j/((-3)/(-2)*(-20)/(-150)). Let x(y) = -y + 7. Calculate x(b).
2
Let v(d) = 15*d + 11. Let g(c) = 7*c + 5. Let j(h) = -5*g(h) + 2*v(h). Let l(k) = -k + 1. Let y(m) = -j(m) + 2*l(m). What is y(-4)?
-7
Let w(l) be the first derivative of -2*l**3/3 + l**2 + l - 59. Calculate w(0).
1
Let y(r) be the third derivative of r**6/120 - r**5/12 - r**4/12 + 2*r**3/3 - 57*r**2. Determine y(4).
-20
Let g be (3/2)/((-4)/(-8)). Let m be 2/(-1) + g/1. Let z be (m - 1) + 5/5. Let t(b) = -7*b**3. Calculate t(z).
-7
Let s(h) = -h + 2 + 2 + 3 - 3 + 15. Calculate s(6).
13
Let p = -1053 - -1047. Let n(l) = l**2 + 9*l + 6. Give n(p).
-12
Let v(m) = -2*m + 5. Let d be (0/2)/(-2*1). Let j(s) = s - 6. Let z be j(d). Give v(z).
17
Let b(k) = k**2 + 2*k. Let i be b(-3). Let r(m) = -2*m - 6. Let q be r(-4). Let z(f) = 4 + q*f + 0*f - 1. What is z(i)?
9
Let h(w) = -7*w**2 - 22*w - 57. Let r(s) = 8*s**2 - s - 1. Let x(u) = -h(u) - r(u). Give x(25).
8
Suppose 0*q + 14 = 2*q. Let t(w) = 4*w**2 - 8 - q*w**2 - 9*w + 2*w**2. What is t(-7)?
6
Let b(t) = -3*t. Let k(s) = -5*s + 16. Let u(x) = -2*b(x) + k(x). Determine u(-9).
7
Let r(l) = -l**3 - 4*l**2 - 4*l + 3. Let x be r(-3). Let m(p) = 6 - 9 + x + p. Suppose 0 = 2*h - 0*h + 12. Determine m(h).
-3
Let b(a) = -8*a**3 - a**2 - 8*a - 1. Let i(m) = -2*m**3 - m. Let g(s) = b(s) - 5*i(s). What is g(2)?
5
Let i(y) = 1. Let u(d) = -3*d - 7. Let f(k) = -3*i(k) + u(k). Give f(-5).
5
Let s(r) = -4*r**3 - r**2 + 1. Let u(j) = -6*j + 277. Let b be u(46). Determine s(b).
-4
Let z(h) = h**2 + 2 - h - 6 - 2*h. Let q be (-8)/14 + (-416)/56. Let n = -3 - q. Calculate z(n).
6
Let r(t) = 48*t + 3. Let a be r(0). Let y(n) = 4*n - 7. Give y(a).
5
Let f(h) = 2*h - 3. Let l be 24/9 - 3/(-9). Let w be f(l). Let c(x) = -x**2 - x**2 + 11*x**w + x**2 + 2*x - 12*x**3 + 1. Determine c(-2).
1
Let j(s) = s**3 - 5*s**2 + 2*s + 4. Let d be (-550)/(-75)*(-3)/(-2). Let u(a) = a - 8. Let x be u(d). Give j(x).
-8
Let b be (210/(-7))/(-6) + -4. Let q(p) = 21*p**3 - p + 1. Calculate q(b).
21
Let d(l) = -3*l - 2. Let i(r) = -10*r + 8. Let j(q) = 3*d(q) - i(q). What is j(15)?
1
Let n(b) = 7*b**3 + 30*b**2 + 6*b + 19. Let c(f) = f**3 + 2*f**2 - 2*f + 1. Let i(x) = 6*c(x) - n(x). What is i(-17)?
4
Suppose -2*q - 3*q + 20 = 0. Let b(w) = 2*w**2 + w - 1. Let n be b(1). Let c(t) = -5*t + 4*t**2 + 2 - 3*t**n - 5 + 0. What is c(q)?
-7
Let t(a) = -2*a - 4. Suppose 0 = r - 13 - 41. Let k be r/8 - (-1)/4. What is t(k)?
-18
Let o = -26 + 30. Suppose -21 + 1 = o*v. Let n(s) = -3*s. Determine n(v).
15
Let u(j) = -2*j**3 + j**2 - 2. Suppose 0 = 4*m - 2*y + 8, m = y - 27 + 24. Calculate u(m).
1
Let d(s) = 4*s**3 - 9*s**2 - 8*s + 5. 